et z(l) = 20*l - 59. Calculate z(-8).
-219
Let t(m) = m**2 - 29*m - 323. Calculate t(-9).
19
Let y(s) = -s**3 + 22*s**2 - 61*s - 32. Give y(4).
12
Let r(u) = -u**3 + 28*u**2 - 141*u - 202. Give r(21).
-76
Let q(b) = -9*b**3 - 233*b**2 + 19*b + 1. Calculate q(-26).
183
Let h(t) = t**3 + 68*t**2 - 7*t - 448. Give h(-68).
28
Let o(k) = -2*k**2 - 102*k - 1292. What is o(-23)?
-4
Let u(m) = 298*m + 22947. Give u(-77).
1
Let z(r) = 48*r - 1069. What is z(24)?
83
Let f(m) = 2*m**2 - 363*m - 19565. Determine f(225).
10
Let d(s) = 697*s - 2097. What is d(3)?
-6
Let k(q) = -q**2 - 25*q - 114. Give k(-19).
0
Let b(r) = -55*r**2 - 275*r - 17. Calculate b(-6).
-347
Let p(y) = -84*y - 913. Give p(-11).
11
Let b(k) = k**2 - 112*k - 1296. Determine b(122).
-76
Let k(m) = m**3 + 70*m**2 + 865*m + 33. What is k(-16)?
17
Let u(s) = 15*s - 326. What is u(13)?
-131
Let x(g) = -g**3 - 96*g**2 - 1574*g + 128. Give x(-75).
53
Let p(t) = -6*t**2 + 132*t - 137. Determine p(21).
-11
Let g(c) = -6*c**3 + 94*c**2 + 35*c - 51. Give g(16).
-3
Let x(u) = -u**3 + 19*u**2 + 41*u + 37. Determine x(21).
16
Let t(w) = 111*w + 751. Give t(-4).
307
Let i(s) = 116*s - 278. Calculate i(2).
-46
Let z(x) = -2*x**2 - 2*x + 14. Determine z(10).
-206
Let c(z) = -14242*z + 826032. Determine c(58).
-4
Let v(s) = -16*s**2 - 181*s - 4. Give v(-11).
51
Let n(q) = 1482*q + 5934. Determine n(-4).
6
Let q(d) = -2*d**2 - 504*d - 2950. Calculate q(-6).
2
Let k(b) = -3*b**3 - 9*b**2 + 84*b - 9. Give k(-7).
-9
Let f(b) = -88*b - 716. Give f(-7).
-100
Let h(x) = -3*x**2 - 18*x + 10. Give h(-8).
-38
Let n(j) = -j**2 + 81*j - 1603. Determine n(35).
7
Let m(r) = 2*r**2 + 8*r - 109. Determine m(-10).
11
Let n(p) = 41*p - 2916. Determine n(73).
77
Let i(d) = 2*d**3 - 45*d**2 - 19*d + 61. Determine i(23).
153
Let q(a) = -4*a**3 + 3*a**2 - 2*a - 5. Calculate q(3).
-92
Let u(t) = 17*t - 1491. Give u(74).
-233
Let c(n) = 13*n - 16. Give c(8).
88
Let d(m) = m**3 - 25*m**2 + 22*m + 8. Give d(24).
-40
Let l(g) = 6*g**3 - 31*g**2 + 7*g - 25. Calculate l(5).
-15
Let w(c) = -31*c - 1813. Give w(-59).
16
Let f(r) = -r**2 + 50*r - 77. What is f(48)?
19
Let s(q) = q**3 - 71*q**2 + 35*q + 2463. What is s(70)?
13
Let m(l) = -l**3 + 33*l**2 - 63*l + 25. What is m(31)?
-6
Let r(s) = 4*s**3 + 27*s**2 - 22*s + 58. Give r(-8).
-86
Let k(y) = -154*y - 75. What is k(6)?
-999
Let z(p) = p**3 + 72*p**2 - 627*p + 1043. Determine z(-80).
3
Let j(z) = 66*z + 1325. What is j(-20)?
5
Let s(o) = -13*o - 119. Give s(-26).
219
Let l(q) = -37*q**2 + 41. What is l(0)?
41
Let a(g) = 801*g - 3147. Determine a(4).
57
Let z(p) = 86*p - 450. Determine z(10).
410
Let s(o) = -35*o + 229. Determine s(11).
-156
Let c(u) = 373*u - 4481. Give c(12).
-5
Let p(r) = 51*r - 1032. Calculate p(29).
447
Let l(o) = -19*o + 196. Determine l(9).
25
Let z(v) = -23*v**3 + 4*v**2 - 8*v - 10. What is z(-1)?
25
Let q(x) = 2*x**3 - 68*x**2 + 62*x + 103. Give q(33).
-29
Let x(m) = 36*m + 2610. What is x(-72)?
18
Let h(k) = 409*k + 10224. Determine h(-25).
-1
Let g(v) = -5*v**3 + 3*v**2 - v + 1. Determine g(-2).
55
Let x(o) = -2*o**2 + 29*o + 23. Give x(14).
37
Let o(b) = -1089*b - 3240. Determine o(-3).
27
Let l(i) = 2*i**3 + 137*i**2 - 163*i + 3315. Determine l(-70).
25
Let f(p) = p**2 - 15*p + 99. Give f(7).
43
Let p(i) = i**3 + 39*i**2 + 11*i + 499. Determine p(-39).
70
Let x(g) = 5320*g - 21249. Determine x(4).
31
Let j(f) = -3635*f - 58158. Determine j(-16).
2
Let f(a) = 2*a**3 - 307*a**2 - 156*a + 223. Give f(154).
-85
Let a(n) = 9*n**2 + 73*n - 60. Calculate a(-9).
12
Let u(w) = 2*w**3 + 19*w**2 - 22*w - 58. Calculate u(-10).
62
Let s(z) = 200*z - 1004. What is s(5)?
-4
Let p(q) = q**3 + 3*q**2 - 29*q - 4. Calculate p(-7).
3
Let f(n) = -782*n + 35994. What is f(46)?
22
Let n(l) = 62*l - 4210. Give n(68).
6
Let r(j) = -1505*j - 6026. Give r(-4).
-6
Let i(f) = -f**3 + 6*f**2 + 162*f - 45. Give i(16).
-13
Let f(r) = -5*r**2 - 27*r + 129. Give f(3).
3
Let y(b) = -b**3 + 30*b**2 - 34*b + 1016. Give y(30).
-4
Let v(a) = 47*a + 305. Determine v(-6).
23
Let a(f) = -4*f**3 + f**2 - 7596*f + 7595. Calculate a(1).
-4
Let b(s) = s**3 - 86*s**2 - 90*s + 288. What is b(87)?
27
Let m(a) = -a**2 + a + 168. What is m(0)?
168
Let j(z) = 3*z + 4. What is j(-14)?
-38
Let k(s) = -13*s + 47. Give k(-10).
177
Let v(i) = -i**3 + 3*i**2 - 14*i + 62. Calculate v(6).
-130
Let t(v) = 27*v + 260. Calculate t(-12).
-64
Let u(n) = 7*n**2 - 98*n + 331. Calculate u(6).
-5
Let b(w) = w**2 + 36*w - 121. Calculate b(-39).
-4
Let y(z) = -z**3 - 4*z**2 - 5*z - 7. Give y(-3).
-1
Let d(y) = 20*y + 53. Give d(6).
173
Let w(z) = 5*z**3 + 169*z**2 + 1101*z + 38. Give w(-25).
13
Let t(b) = b**2 - 64*b - 351. Calculate t(73).
306
Let i(s) = 2*s**3 + 7*s**2 + 91*s + 170. Determine i(-2).
0
Let i(s) = -2*s**3 - 81*s**2 - 51*s - 516. Determine i(-40).
-76
Let q(y) = 19*y**2 - 59*y - 514. Determine q(7).
4
Let w(s) = -3*s**3 - 4*s**2 + 3*s - 2. Calculate w(1).
-6
Let i(p) = 2*p**3 - 15*p**2 + 13*p - 35. Give i(7).
7
Let y(t) = -4494*t - 283123. Calculate y(-63).
-1
Let a(n) = -n**3 - 10*n**2 + 17*n + 70. Give a(-11).
4
Let b(w) = w**3 - 10*w**2 + 19*w - 181. What is b(10)?
9
Let i(q) = -q - 282. Calculate i(44).
-326
Let f(d) = 4*d**2 + 149*d + 188. Give f(-37).
151
Let a(u) = -2*u**3 - 7*u**2 - 43*u - 329. What is a(-5)?
-39
Let o(v) = v**2 + 215*v + 5973. What is o(-182)?
-33
Let o(p) = p**3 + 85*p**2 + 267*p + 1724. Determine o(-82).
2
Let l(v) = 2*v**3 - v**2 + 12*v - 5. Give l(0).
-5
Let g(f) = -f**3 - 17*f**2 + 3*f + 214. Determine g(-4).
-6
Let d(s) = -23040*s - 138244. Determine d(-6).
-4
Let l(n) = -2*n**3 + 51*n**2 - 208*n - 1. Determine l(5).
-16
Let o(z) = z**2 + 81*z + 1118. Calculate o(-63).
-16
Let d(r) = -184*r + 1816. Calculate d(10).
-24
Let j(d) = d**3 - d**2 - 9*d + 8. Give j(5).
63
Let p(s) = -12*s**2 - 889*s - 62. Calculate p(-74).
12
Let k(s) = 3*s**2 + 65*s - 4179. Calculate k(28).
-7
Let a(q) = -2*q**2 + 3*q + 1150. What is a(25)?
-25
Let b(s) = -2*s**3 + 20*s**2 + 52*s - 690. Give b(10).
-170
Let c(h) = -h**3 - 18*h**2 + 6*h - 1210. What is c(-21)?
-13
Let g(z) = -3*z**2 - 60*z - 277. Give g(-7).
-4
Let b(q) = q**3 + 189*q**2 + 144*q - 8272. Calculate b(-188).
0
Let x(c) = 2*c**3 - 16*c**2 - 75*c + 583. What is x(8)?
-17
Let f(o) = -o**3 - 21*o**2 - 24*o - 68. Give f(-20).
12
Let f(d) = -20*d**3 + 87*d**2 - 37*d + 30. What is f(4)?
-6
Let h(z) = -z**3 + 15*z**2 - 6*z - 38. Calculate h(15).
-128
Let g(l) = -l**3 + 15*l**2 - 8*l - 24. Determine g(13).
210
Let p(l) = 64*l + 5302. What is p(-83)?
-10
Let l(g) = -g**3 - 5*g**2 + 12*g + 8. Calculate l(-6).
-28
Let c(g) = -g**2 - 52*g - 100. Determine c(-47).
135
Let n(x) = -x**2 - 15*x - 42. What is n(-9)?
12
Let t(a) = -a**3 - 27*a**2 - 38*a + 294. Give t(-25).
-6
Let u(o) = -153*o + 1559. Give u(10).
29
Let i(a) = -a**2 - 2*a + 207. Determine i(14).
-17
Let z(w) = 5*w**2 + 48*w + 20. Give z(-8).
-44
Let r(a) = -11*a**2 + 52*a - 35. Determine r(4).
-3
Let q(r) = 8*r**2 - 100*r - 396. What is q(-4)?
132
Let o(n) = -23*n**3 - 232*n**2 - 19*n - 5. Give o(-10).
-15
Let w(j) = 18*j**2 + 176*j + 73. Give w(-9).
-53
Let z(n) = 93*n + 1634. Give z(-17).
53
Let d(g) = -13*g**2 + 18*g - 47. Calculate d(3).
-110
Let u(k) = -k**2 - 10*k + 26. Determine u(2).
2
Let y(u) = -u**2 + 131*u - 4240. Give y(72).
8
Let f(i) = 2*i**3 - 14*i**2 - 188*i + 1373. What is f(8)?
-3
Let c(u) = 10*u**2 - 89*u + 5. Determine c(9).
14
Let l(q) = q + 34. Calculate l(-11).
23
Let m(u) = -138*u**2 + 51*u - 96. Give m(2).
-546
Let y(t) = 3*t**2 - 45*t - 358. Give y(20).
-58
Let l(w) = -3*w**3 + 13*w**2 - 17*w + 71. Calculate l(6).
-211
Let w(m) = m**2 - 139*m + 2854. What is w(114)?
4
Let o(i) = -i**3 - 8*i**2 - 749*i - 4343. Give o(-6).
79
Let o(q) = 8*q**2 - 27*q + 85. Calculate o(3).
76
Let x(c) = -2*c**3 - 105*c**2 + 42*c - 569. Give x(-53).
14
Let i(a) = 17*a**3 - 472*a**2 - 118*a + 175. Calculate i(28).
7
Let l(s) = 23*s - 178. Determine l(9).
29
Let u(j) = 2*j**3 + 20*j**2 + 20*j + 13. Calculate u(-9).
-5
Let k(u) = -u**2 - 292*u + 4572. What is k(15)?
-33
Let f(z) = z**2 + 446*z + 49471. Give f(-207).
-2
Let k(z) = -z**2 - 720*z - 5609. Give k(-8).
87
Let q(k) = -2*k**2 - 45*k - 122. Give q(-17).
65
Let g(m) = -7*m**2 - 1241*m - 346. What is g(-177)?
8
Let p(m